{"id":26,"date":"2014-11-14T17:09:25","date_gmt":"2014-11-14T17:09:25","guid":{"rendered":"http:\/\/gupan.de\/?page_id=26"},"modified":"2015-02-14T21:18:03","modified_gmt":"2015-02-14T21:18:03","slug":"vita","status":"publish","type":"page","link":"https:\/\/gupan.de\/?page_id=26","title":{"rendered":"Vita"},"content":{"rendered":"<p>Ein paar Worte zu mir<\/p>\n<p>geboren 1968 in K\u00f6ln<\/p>\n<p>beruflicher Werdegang:<\/p>\n<p>Gelernter Modellschlosser bei der KHD-AG K\u00f6ln<\/p>\n<p>staatl. gepr\u00fcfer Techniker im Maschinenbau vor der IHK zu K\u00f6ln<\/p>\n<p>&nbsp;<\/p>\n<p>Seit 1998 als Service Techniker in der Fitnessbranche.<\/p>\n<p>Gestartet bei Stairmaster (sp\u00e4ter Nautilus Deutschland GmbH)<\/p>\n<p>jetzt<\/p>\n<p>Selbstst\u00e4ndig als Service Techniker f\u00fcr Fitness Ger\u00e4te in Norddeutschland<\/p>\n<p>Reparatur fast aller Marken<\/p>\n<p>&nbsp;<\/p>\n<p>Sportlicher Werdegang<\/p>\n<p>schon mit ca. 12 im &#8222;Kraftraum&#8220; im Bundesleistungszentrum f\u00fcr Schwimmsport in K\u00f6ln<\/p>\n<p>ab 16 dann im ersten Sportstudio &#8222;Horst und Inge Brinkmeier&#8220; in K\u00f6ln in der Zeit als ich Football spielte und auch danach<\/p>\n<p>&nbsp;<\/p>\n","protected":false},"excerpt":{"rendered":"<p>Ein paar Worte zu mir geboren 1968 in K\u00f6ln beruflicher Werdegang: Gelernter Modellschlosser bei der KHD-AG K\u00f6ln staatl. gepr\u00fcfer Techniker im Maschinenbau vor der IHK zu K\u00f6ln &nbsp; Seit 1998 [&hellip;]<\/p>\n","protected":false},"author":1,"featured_media":0,"parent":0,"menu_order":2,"comment_status":"open","ping_status":"open","template":"","meta":[],"_links":{"self":[{"href":"https:\/\/gupan.de\/index.php?rest_route=\/wp\/v2\/pages\/26"}],"collection":[{"href":"https:\/\/gupan.de\/index.php?rest_route=\/wp\/v2\/pages"}],"about":[{"href":"https:\/\/gupan.de\/index.php?rest_route=\/wp\/v2\/types\/page"}],"author":[{"embeddable":true,"href":"https:\/\/gupan.de\/index.php?rest_route=\/wp\/v2\/users\/1"}],"replies":[{"embeddable":true,"href":"https:\/\/gupan.de\/index.php?rest_route=%2Fwp%2Fv2%2Fcomments&post=26"}],"version-history":[{"count":2,"href":"https:\/\/gupan.de\/index.php?rest_route=\/wp\/v2\/pages\/26\/revisions"}],"predecessor-version":[{"id":51,"href":"https:\/\/gupan.de\/index.php?rest_route=\/wp\/v2\/pages\/26\/revisions\/51"}],"wp:attachment":[{"href":"https:\/\/gupan.de\/index.php?rest_route=%2Fwp%2Fv2%2Fmedia&parent=26"}],"curies":[{"name":"wp","href":"https:\/\/api.w.org\/{rel}","templated":true}]}}